
What are the prime factors of 23125?
5, 37
What are the prime factors of 10437?
3, 7, 71
List the prime factors of 8862.
2, 3, 7, 211
What are the prime factors of 3972?
2, 3, 331
What are the prime factors of 171410?
2, 5, 61, 281
List the prime factors of 74651.
19, 3929
List the prime factors of 1118.
2, 13, 43
List the prime factors of 875.
5, 7
List the prime factors of 1696.
2, 53
What are the prime factors of 11114?
2, 5557
What are the prime factors of 204?
2, 3, 17
What are the prime factors of 4161?
3, 19, 73
What are the prime factors of 173439?
3, 7, 2753
What are the prime factors of 24692?
2, 6173
What are the prime factors of 64199?
43, 1493
List the prime factors of 2078.
2, 1039
List the prime factors of 9119.
11, 829
List the prime factors of 16144.
2, 1009
List the prime factors of 2295.
3, 5, 17
What are the prime factors of 675?
3, 5
List the prime factors of 216.
2, 3
List the prime factors of 4751.
4751
List the prime factors of 7.
7
What are the prime factors of 1584?
2, 3, 11
List the prime factors of 2027.
2027
List the prime factors of 1786.
2, 19, 47
What are the prime factors of 6592?
2, 103
What are the prime factors of 41227?
41227
What are the prime factors of 6994?
2, 13, 269
List the prime factors of 23821.
7, 41, 83
List the prime factors of 20510.
2, 5, 7, 293
What are the prime factors of 12430?
2, 5, 11, 113
What are the prime factors of 63922?
2, 31, 1031
What are the prime factors of 9289?
7, 1327
List the prime factors of 64209.
3, 17, 1259
List the prime factors of 6480.
2, 3, 5
List the prime factors of 1860.
2, 3, 5, 31
List the prime factors of 48270.
2, 3, 5, 1609
List the prime factors of 4972.
2, 11, 113
List the prime factors of 820.
2, 5, 41
What are the prime factors of 4660?
2, 5, 233
What are the prime factors of 681?
3, 227
What are the prime factors of 20258?
2, 7, 1447
What are the prime factors of 457?
457
List the prime factors of 1923.
3, 641
What are the prime factors of 136477?
11, 19, 653
List the prime factors of 19145.
5, 7, 547
What are the prime factors of 793?
13, 61
What are the prime factors of 147550?
2, 5, 13, 227
List the prime factors of 15969.
3, 5323
List the prime factors of 163.
163
What are the prime factors of 13572?
2, 3, 13, 29
List the prime factors of 21121.
21121
What are the prime factors of 1987?
1987
What are the prime factors of 1569?
3, 523
List the prime factors of 89125.
5, 23, 31
List the prime factors of 2601.
3, 17
What are the prime factors of 18455?
5, 3691
What are the prime factors of 1767?
3, 19, 31
List the prime factors of 850.
2, 5, 17
List the prime factors of 81122.
2, 47, 863
List the prime factors of 916.
2, 229
List the prime factors of 4520.
2, 5, 113
List the prime factors of 131788.
2, 47, 701
List the prime factors of 647.
647
List the prime factors of 9802.
2, 13, 29
What are the prime factors of 971?
971
List the prime factors of 2343.
3, 11, 71
List the prime factors of 3591.
3, 7, 19
List the prime factors of 3585.
3, 5, 239
What are the prime factors of 5861?
5861
List the prime factors of 3047.
11, 277
List the prime factors of 41107.
11, 37, 101
What are the prime factors of 43621?
181, 241
List the prime factors of 4333.
7, 619
List the prime factors of 204.
2, 3, 17
List the prime factors of 18803.
18803
List the prime factors of 8261.
11, 751
What are the prime factors of 21210?
2, 3, 5, 7, 101
What are the prime factors of 1158?
2, 3, 193
List the prime factors of 31646.
2, 15823
List the prime factors of 5969.
47, 127
What are the prime factors of 3785?
5, 757
List the prime factors of 5605.
5, 19, 59
List the prime factors of 5910.
2, 3, 5, 197
What are the prime factors of 9273?
3, 11, 281
List the prime factors of 3762.
2, 3, 11, 19
List the prime factors of 25608.
2, 3, 11, 97
What are the prime factors of 47088?
2, 3, 109
What are the prime factors of 413?
7, 59
List the prime factors of 6511.
17, 383
What are the prime factors of 14054?
2, 7027
List the prime factors of 4814.
2, 29, 83
What are the prime factors of 66501?
3, 821
What are the prime factors of 6241?
79
What are the prime factors of 17866?
2, 8933
List the prime factors of 5180.
2, 5, 7, 37
What are the prime factors of 117923?
13, 47, 193
What are the prime factors of 1694?
2, 7, 11
List the prime factors of 31936.
2, 499
What are the prime factors of 70908?
2, 3, 19, 311
List the prime factors of 1075.
5, 43
What are the prime factors of 327?
3, 109
List the prime factors of 33597.
3, 3733
List the prime factors of 5297.
5297
List the prime factors of 55928.
2, 6991
List the prime factors of 1464.
2, 3, 61
List the prime factors of 694.
2, 347
What are the prime factors of 11653?
43, 271
What are the prime factors of 4373?
4373
What are the prime factors of 100?
2, 5
What are the prime factors of 2258?
2, 1129
List the prime factors of 60252.
2, 3, 5021
What are the prime factors of 11517?
3, 11, 349
List the prime factors of 37282.
2, 7, 2663
What are the prime factors of 31064?
2, 11, 353
What are the prime factors of 2518?
2, 1259
List the prime factors of 21457.
43, 499
List the prime factors of 38466.
2, 3, 2137
List the prime factors of 2889.
3, 107
What are the prime factors of 3931?
3931
What are the prime factors of 28524?
2, 3, 2377
List the prime factors of 60.
2, 3, 5
What are the prime factors of 6765?
3, 5, 11, 41
List the prime factors of 29621.
19, 1559
What are the prime factors of 7366?
2, 29, 127
List the prime factors of 2280.
2, 3, 5, 19
What are the prime factors of 1288?
2, 7, 23
What are the prime factors of 3559?
3559
What are the prime factors of 48047?
23, 2089
List the prime factors of 5768.
2, 7, 103
List the prime factors of 3784.
2, 11, 43
List the prime factors of 761.
761
What are the prime factors of 14072?
2, 1759
What are the prime factors of 550?
2, 5, 11
What are the prime factors of 28402?
2, 11, 1291
List the prime factors of 788.
2, 197
What are the prime factors of 32180?
2, 5, 1609
List the prime factors of 43846.
2, 11, 1993
List the prime factors of 24624.
2, 3, 19
List the prime factors of 1149.
3, 383
What are the prime factors of 2331?
3, 7, 37
What are the prime factors of 3209?
3209
List the prime factors of 426.
2, 3, 71
List the prime factors of 697.
17, 41
What are the prime factors of 36659?
7, 5237
What are the prime factors of 93113?
93113
List the prime factors of 18288.
2, 3, 127
List the prime factors of 43834.
2, 7, 31, 101
List the prime factors of 64876.
2, 7, 331
List the prime factors of 70718.
2, 19, 1861
What are the prime factors of 162906?
2, 3, 19, 1429
List the prime factors of 1378.
2, 13, 53
What are the prime factors of 65?
5, 13
What are the prime factors of 4664?
2, 11, 53
What are the prime factors of 4039?
7, 577
List the prime factors of 10955.
5, 7, 313
What are the prime factors of 1207?
17, 71
List the prime factors of 177.
3, 59
What are the prime factors of 3276?
2, 3, 7, 13
List the prime factors of 3132.
2, 3, 29
List the prime factors of 425.
5, 17
What are the prime factors of 572?
2, 11, 13
What are the prime factors of 42389?
19, 23, 97
What are the prime factors of 913?
11, 83
What are the prime factors of 93?
3, 31
What are the prime factors of 635?
5, 127
List the prime factors of 192.
2, 3
What are the prime factors of 1730?
2, 5, 173
What are the prime factors of 8801?
13, 677
List the prime factors of 33215.
5, 7, 13, 73
What are the prime factors of 2730?
2, 3, 5, 7, 13
List the prime factors of 641.
641
What are the prime factors of 4454?
2, 17, 131
List the prime factors of 14340.
2, 3, 5, 239
What are the prime factors of 75325?
5, 23, 131
List the prime factors of 55395.
3, 5, 1231
What are the prime factors of 8901?
3, 23, 43
List the prime factors of 50.
2, 5
List the prime factors of 440.
2, 5, 11
What are the prime factors of 6673?
6673
What are the prime factors of 9195?
3, 5, 613
What are the prime factors of 15846?
2, 3, 19, 139
List the prime factors of 37835.
5, 7, 23, 47
List the prime factors of 1060.
2, 5, 53
List the prime factors of 2.
2
What are the prime factors of 7793?
7793
List the prime factors of 35761.
11, 3251
List the prime factors of 14129.
71, 199
List the prime factors of 350.
2, 5, 7
List the prime factors of 7218.
2, 3